{"id":734,"date":"2023-06-10T10:05:29","date_gmt":"2023-06-10T08:05:29","guid":{"rendered":"https:\/\/www.demokratie-leben-in-der-suedwestpfalz.de\/?page_id=734"},"modified":"2023-06-10T10:09:16","modified_gmt":"2023-06-10T08:09:16","slug":"konflikte-loesen-ohne-gewalt","status":"publish","type":"page","link":"https:\/\/www.demokratie-leben-in-der-suedwestpfalz.de\/index.php\/projekte-2023\/konflikte-loesen-ohne-gewalt\/","title":{"rendered":"Konflikte l\u00f6sen, ohne Gewalt!"},"content":{"rendered":"\n<p><strong><a href=\"https:\/\/www.demokratie-leben-in-der-suedwestpfalz.de\/index.php\/projekte-2023\/\">Projekte 2023<\/a><\/strong> ><strong><a href=\"https:\/\/www.demokratie-leben-in-der-suedwestpfalz.de\/index.php\/projekte-2021\/nie-mehr-sprachlos-souveraen-argumentieren\/\"> <\/a>Konflikte l\u00f6sen, ohne Gewalt!<\/strong><\/p>\n\n\n\n<p>Konflikte, Diskriminierungen, Mobbing, und Gewalt geh\u00f6ren leider an Schulen, in Vereinen und Jugendgruppen zum Alltag dazu. H\u00e4ufig sind die Jugendlichen in solchen Situationen \u00fcberfordert und reagieren mit Gewalt, da sie keine anderen Handlungsm\u00f6glichkeiten kennengelernt haben.<\/p>\n\n\n\n<p>Immer wieder kommt es zu Auseinandersetzungen, Ausgrenzungen und Diskriminierungen, die das Klassenklima belasten.<\/p>\n\n\n\n<p>Mit diesem Projekt werden der Zusammenhalt und die Integration der multikulturellen Klassen gef\u00f6rdert. So soll ein nachhaltigeres Ergebnis erreicht werden, um ein harmonisches und wertsch\u00e4tzendes Miteinander zu f\u00f6rdern.<br>Es fehlen ein selbstbewusstes Auftreten, die richtigen Handlungsstrategien, um angemessen auf Beleidigungen, Unrecht und Diskriminierung zu reagieren.<br>Oft werden durch Empathie und selbstbewusstem Aufzeigen von Grenzen, Konflikte und \u00dcbergriffe verhindert.<\/p>\n\n\n\n<p>V<strong>orbereitungsphase: (M\u00e4rz 23)<\/strong><br>Gespr\u00e4che mit der Kursleiterin Frau Gebhard<br>Detaillierte Abstimmung des Projekts mit den Tutorinnen und Tutoren der involvierten Klassen<br>Kl\u00e4rung des zeitlichen und \u00f6rtlichen Rahmens mit Schulleitung:<br>(Wochentag, Unterrichtsstunden, R\u00e4umlichkeiten)<br>Information und Einbeziehung der Schulsozialarbeiterin sowie der<br>P\u00e4dagogischen Fachkr\u00e4fte in das Projekt<br>Elterninformation (Elternabend, Elternbrief)<\/p>\n\n\n\n<p>Vorstellung des Projektes im Rahmen einer Dienstbesprechung<\/p>\n\n\n\n<p><strong>Hauptphase: Mitte M\u00e4rz 2023 bis Dezember 2023)<\/strong><br>Die Sch\u00fcler*innen sollen durch das Projekt positive Konfliktl\u00f6sestrategien kennenlernen, selbstbewusster und selbstsicherer werden.<br>Sie sollen eine gesteigerte Wahrnehmung eigener Gef\u00fchle und Bed\u00fcrfnisse erlangen. Auch die eigene Reaktionen und der Umgang mit Stress soll erlernt werden, um in derartigen Situationen noch handlungsf\u00e4hig und ruhig zu bleiben.<br>Durch das wachsende Gemeinschaftsgef\u00fchl und das gest\u00e4rkte Selbstbewusstsein sollen sich sie sich innerhalb und au\u00dferhalb der Schule gegenseitig st\u00fctzen und f\u00fcreinander eintreten und Verantwortung \u00fcbernehmen.<br>Die Teilnehmer werden mit Hilfe von Spielen, Filmsequenzen und Rollenspielen an die Themen Gewaltpr\u00e4vention, Kommunikation, Konfliktl\u00f6sestrategien, Selbstbehauptung, Stress und Deeskalation herangef\u00fchrt.<br>Durch gemeinsames Training, Kooperations- und Teamspielen soll ein Wir-Gef\u00fchl entwickelt werden, die Beteiligten lernen aufeinander zu achten und sich f\u00fcr ein Miteinander zu engagieren. Nur gemeinsam kann man manche Ziele erreichen. Sie lernen sich gegenseitig zu unterst\u00fctzen und auch Hilfe anzunehmen. Die Teilnehmenden lernen die unterschiedlichsten M\u00f6glichkeiten kennen um eine Konfliktsituation zu l\u00f6sen. Anhand verschiedener Szenarien und \u00dcbungen, lernen sie sich in die Situation anderer (T\u00e4ter-, Zuschauer- und Opferrollen) hinein zu versetzen und deren Gef\u00fchle zu verstehen. Sie \u00fcben konkrete Handlungsoptionen ein, um in Konfliktsituationen angemessen zu reagieren.<br>Auf spielerische Weise sollen Kinder Regelverhalten, Selbstkontrolle, Bed\u00fcrfnisaufschub, soziale Wahrnehmung, R\u00fccksichtnahme und Einf\u00fchlungsverm\u00f6gen, das Erkennen und Benennen von Gef\u00fchlen, Hilfeverhalten und Kooperation sowie Konfliktmanagement und\u00a0Probleml\u00f6sekompetenzen in schulischen Alltagssituationen erlernen und \u00fcben.<br>Die Klassen k\u00f6nnen sich mit eigenen, erlebten Konflikten besch\u00e4ftigen und Konfliktl\u00f6sestrategien, anhand des Gelernten entwickeln.<br>Sie k\u00f6nnen ausprobieren, welche Handlungsstrategien zu der jeweiligen Situation passen.<\/p>\n\n\n\n<p>Das Projekt soll im Juni\/Juli 2023, je einen Vormittag,<br>f\u00fcr die drei 5. Klassen und die drei 6. Klassen stattfinden.<\/p>\n\n\n\n<p>Im Herbst 2023 werden die neuen F\u00fcnftkl\u00e4sser (Annahme: drei Klassen) geschult.<\/p>\n\n\n\n<p><strong>Inhalt:<\/strong><br>Erfahrungsaustausch zum Thema Konflikte<br>Gewaltbarometer<br>Eisbergmodell \u00dcbung zur Empathief\u00f6rderung<br>Entstehung und Umgang mit Stress<br>Urzeit- und Neuzeitmodell<br>Szenarientraining<br>K\u00f6rpersprache\/Selbstbehauptung\/Grenzen setzen<br>GFK<br>\u00dcbungen und Rollenspiele, um Gelerntes unter Stress anzuwenden<br>Konfliktgespr\u00e4che f\u00fchren (spiegeln, nachfragen, wiederholen, aktives Zuh\u00f6ren\u2026)<br>Kommunikation (Nachrichten\u00fcbermittlung)<\/p>\n\n\n\n<p><strong>Nachbereitungs- und Nachhaltigkeitsphase: (Juli 2023 bzw. Herbst 2023)<\/strong><br>Im sp\u00e4teren Unterricht wird noch einmal gezielt \u00fcber Erlebnisse und die Anwendung, der Konfliktl\u00f6sestrategien in der Schule und im Alltag gesprochen.<br>In eventuell, aktuellen Konflikten, wird von den Lehrkr\u00e4ften, bezugnehmend auf das Gelernte, nach Handlungsstrategien gefragt, um diese immer wieder in Erinnerung zu rufen und zu festigen. Die Lehrkr\u00e4fte werden Inhalte von diesem Projekt in ihre p\u00e4dagogische Arbeit miteinbeziehen.<\/p>\n\n\n\n<p>Das Projekt soll nach einer Evaluations- und Anpassungsphase zuk\u00fcnftig j\u00e4hrlich beantragt und fest im Pr\u00e4ventionskonzept der Schule unter Mitwirkung aller Gremien implementiert werden.<\/p>\n\n\n\n<p><strong>Gender Mainstreaming:<\/strong><br>Gender Mainstreaming spielt auch im Umgang mit Konflikten eine Rolle, denn die Konflikte selbst und auch die Handlungsstrategien k\u00f6nnen im Bezug auf unterschiedlichen Lebenslagen von Sch\u00fclern und Sch\u00fclerinnen und die Auswirkungen auf beide Geschlechter unterschiedlich sein. Bei der Durchf\u00fchrung und Bewerbung des Projektes wird auf geschlechtssensible Sprache und Darstellung geachtet.<\/p>\n\n\n\n<p><strong>Diversity Mainstreaming:<\/strong><br>Es wird auf die jeweiligen Unterschiede der einzelnen Sch\u00fclerinnen und Sch\u00fcler, (Kultur, Herkunft, Alter, k\u00f6rperliche Bef\u00e4higung), bei den verschiedenen \u00dcbungen eingegangen und die unterschiedlichen Bed\u00fcrfnisse ber\u00fccksichtigt.<\/p>\n\n\n\n<p><strong>Umsetzung unter Pandemiebedingungen<\/strong><br>Das Projekt ist auch unter Pandemiebedingungen unter Beachtung eines m\u00f6glichen Hygieneplans f\u00fcr Schulen (AHA) m\u00f6glich.<\/p>\n\n\n\n<p><strong>Digitale Umsetzung<\/strong><br>Eine digitale Umsetzung des Projekts ist nur sehr eingeschr\u00e4nkt m\u00f6glich. Einzelne Elemente des Trainings, wie beispielsweise Filmebeitr\u00e4ge oder Diskussionen k\u00f6nnten teilweise \u00fcber das landesweite Videokonferenzsystem (Bigbluebotton) abgebildet werden.<\/p>\n","protected":false},"excerpt":{"rendered":"<p>Projekte 2023 > Konflikte l\u00f6sen, ohne Gewalt! Konflikte, Diskriminierungen, Mobbing, und Gewalt geh\u00f6ren leider an Schulen, in Vereinen und Jugendgruppen zum Alltag dazu. H\u00e4ufig sind &hellip; <\/p>\n","protected":false},"author":1,"featured_media":0,"parent":666,"menu_order":0,"comment_status":"closed","ping_status":"closed","template":"","meta":{"ngg_post_thumbnail":0,"footnotes":""},"class_list":["post-734","page","type-page","status-publish","hentry"],"_links":{"self":[{"href":"https:\/\/www.demokratie-leben-in-der-suedwestpfalz.de\/index.php\/wp-json\/wp\/v2\/pages\/734","targetHints":{"allow":["GET"]}}],"collection":[{"href":"https:\/\/www.demokratie-leben-in-der-suedwestpfalz.de\/index.php\/wp-json\/wp\/v2\/pages"}],"about":[{"href":"https:\/\/www.demokratie-leben-in-der-suedwestpfalz.de\/index.php\/wp-json\/wp\/v2\/types\/page"}],"author":[{"embeddable":true,"href":"https:\/\/www.demokratie-leben-in-der-suedwestpfalz.de\/index.php\/wp-json\/wp\/v2\/users\/1"}],"replies":[{"embeddable":true,"href":"https:\/\/www.demokratie-leben-in-der-suedwestpfalz.de\/index.php\/wp-json\/wp\/v2\/comments?post=734"}],"version-history":[{"count":3,"href":"https:\/\/www.demokratie-leben-in-der-suedwestpfalz.de\/index.php\/wp-json\/wp\/v2\/pages\/734\/revisions"}],"predecessor-version":[{"id":741,"href":"https:\/\/www.demokratie-leben-in-der-suedwestpfalz.de\/index.php\/wp-json\/wp\/v2\/pages\/734\/revisions\/741"}],"up":[{"embeddable":true,"href":"https:\/\/www.demokratie-leben-in-der-suedwestpfalz.de\/index.php\/wp-json\/wp\/v2\/pages\/666"}],"wp:attachment":[{"href":"https:\/\/www.demokratie-leben-in-der-suedwestpfalz.de\/index.php\/wp-json\/wp\/v2\/media?parent=734"}],"curies":[{"name":"wp","href":"https:\/\/api.w.org\/{rel}","templated":true}]}}