{"id":726,"date":"2023-06-10T09:53:34","date_gmt":"2023-06-10T07:53:34","guid":{"rendered":"https:\/\/www.demokratie-leben-in-der-suedwestpfalz.de\/?page_id=726"},"modified":"2023-06-10T09:56:18","modified_gmt":"2023-06-10T07:56:18","slug":"respekt-mehr-als-nur-ein-wort","status":"publish","type":"page","link":"https:\/\/www.demokratie-leben-in-der-suedwestpfalz.de\/index.php\/projekte-2022\/respekt-mehr-als-nur-ein-wort\/","title":{"rendered":"Respekt \u2013 mehr als nur ein Wort"},"content":{"rendered":"\n<p><strong><a href=\"https:\/\/www.demokratie-leben-in-der-suedwestpfalz.de\/index.php\/projekte-2022\/\">Projekte 2022<\/a><\/strong>\u00a0><strong><a href=\"https:\/\/www.demokratie-leben-in-der-suedwestpfalz.de\/index.php\/projekte-2021\/nie-mehr-sprachlos-souveraen-argumentieren\/\">\u00a0<\/a>Respekt \u2013 mehr als nur ein Wort<\/strong><\/p>\n\n\n\n<p>Die Integrierte Gesamtschule Thaleischweiler-Fr\u00f6schen besuchen M\u00e4dchen und Jungen aus den unterschiedlichsten gesellschaftlichen Strukturen und mit verschiedenen Bildungshintergr\u00fcnden, Nationalit\u00e4ten, Religionen, Kulturen und \u00dcberzeugungen. Diese Vielf\u00e4ltigkeit bereichert unsere Schule, aber sie f\u00fchrt teilweise auch zu Konflikten.<\/p>\n\n\n\n<p>Immer mehr Sch\u00fclerinnen und Sch\u00fcler f\u00e4llt es schwer, andere \u00c4u\u00dferungen, Meinungen, Verhaltensweisen oder ein anderes Aussehen zu respektieren.<br>Im Schulalltag nehmen Beleidigungen, k\u00f6rperliche Angriffe, Provokationen, Diskriminierungen und Vorurteile zu.<\/p>\n\n\n\n<p>Den genannten Problemen soll ein Projekt im Rahmen des Bundesprogrammes \u201eDemokratie leben\u201c entgegenwirken.<br>Durch das gemeinsame Arbeiten kann die Zielgruppe gegenseitige Toleranz und Wertsch\u00e4tzung \u00fcben und einen respektvollen Umgang lernen. Bei anstehenden Entscheidungen k\u00f6nnen die M\u00e4dchen und Jungen eigene Ideen sowie Ansichten einbringen, offen werden f\u00fcr andere Meinungen, Einstellungen, Verhaltensweisen sowie der Abbau von Vorurteilen und ein kooperatives Miteinander sollen dabei eine wichtige Rolle spielen.<br>Bereits vorhandene Schwierigkeiten k\u00f6nnen besprochen und eventuell sogar gel\u00f6st werden.<\/p>\n\n\n\n<p>Die Entwicklung und F\u00f6rderung von demokratischem Bewusstsein ist eine wichtige Aufgabe der Schule.<br>Aus diesem Grund finden an der IGS schon seit mehreren Jahren \u201eDemokratie leben-Projekte\u201c mit au\u00dferschulischen Partnern statt.<\/p>\n\n\n\n<p>Die daran teilnehmenden Sch\u00fclerinnen und Sch\u00fcler empfinden es als positive Bereicherung im Schulalltag und nehmen mit Begeisterung an den Angeboten teil.<br>Auch das Kollegium der Schule erachtet die Durchf\u00fchrung von Projekten dieser Art als sehr wichtig, durch die angebotenen Workshops k\u00f6nnen sich die Kinder und Jugendlichen intensiv mit dem Thema Demokratie besch\u00e4ftigen.<\/p>\n\n\n\n<p>Unsere Demokratie bleibt ein Prozess, der stetig Engagement und Gestaltung erfordert. Die Pandemie hat einmal mehr diverse neuralgischen Stellen unserer Gesellschaft offenbart und uns als Demokratie heraus- und aufgefordert. Der Dialog und das Erarbeiten der Demokratie ist eine Aufgabe, die sich uns allen stellt und die Perspektive und F\u00e4higkeiten unserer Kinder spielen darin sicherlich keine unerhebliche Rolle. Die IGS besitzt die Auszeichnung \u201eSchule ohne Rassismus und Schule mit Courage\u201c und geht damit gegen alle Formen von Diskriminierung sowie Rassismus aktiv vor, um einen Beitrag zu einer gewaltfreien, demokratischen Gesellschaft zu leisten.<\/p>\n\n\n\n<p>Im Projekt \u201eRESPEKT- Mehr als nur ein Wort\u201c werden Sch\u00fclerinnen und Sch\u00fcler der 5. &#8211; 12. Klasse beteiligt sein.<br>Das aus zwei Teilen bestehende Projekt findet im ersten Halbjahr in einer Projektwoche und im zweiten Halbjahr als w\u00f6chentliche Einheit statt.<\/p>\n\n\n\n<p>Im ersten Teil werden die Sch\u00fclerinnen und Sch\u00fcler an intensiven Workshoptagen das Thema in den Kunstsparten Tanz, Theater, Musik und Bildende Kunst behandeln. Diese m\u00fcnden in einer Auff\u00fchrung und Pr\u00e4sentation der Ergebnisse.<br>Im zweiten Teil werden die Sch\u00fclerinnen und Sch\u00fcler w\u00f6chentlich das Thema k\u00fcnstlerisch bearbeiten (Musik, Medien, Texten) und verschiedene Ergebnisse in der Sparte Musik\/Audiokunst (Audio-Kollagen, Songs, Rap-Tracks, H\u00f6rspiel) erzielen.<\/p>\n\n\n\n<p><strong>Allgemeine Vorbereitungsphase:<\/strong><br>Kontaktaufnahme mit der Jugendkulturwerkstatt (IB Pirmasens)<br>Gespr\u00e4che \u00fcber Inhalte und Ziele des Projekts mit den verantwortlichen Dozenten der Jugendkulturwerkstatt<br>Informationen an die Schulleitung \u00fcber die Inhalte und Ziele des Projekts<br>Besprechung des zeitlichen und \u00f6rtlichen Rahmens mit der Schulleitung<br>Information des Kollegiums in der Schule<br>Vorbereitende Gespr\u00e4che mit den Teilnehmern<br>Vorstellung des Projektes im Begleitausschuss<\/p>\n\n\n\n<p><strong>Vorbereitungsphase April, Mai:<\/strong><br>Die Lehrkr\u00e4fte, die Schulsozialarbeit und das Team der JugendKulturWerkstatt entwickeln gemeinsam die konkrete Vorgehensweise<br>Die Aufgaben im Projekt werden verteilt<br>Vorstellung des Projektes beim Elternabend<\/p>\n\n\n\n<p><strong>Hauptphase I Juni:<\/strong><br>Die Sch\u00fclerinnen und Sch\u00fcler (5. &#8211; 12. Klasse) werden in einer intensiven Projektwoche (07.06. &#8211; 11.06.22), an 5 Tagen (\u00e1 6 UE) am Projekt teilnehmen<\/p>\n\n\n\n<p><strong>Hauptphase II September \u2013 Dezember:<\/strong><br>Die Sch\u00fcler*innen (5. &#8211; 10. Klasse) werden an 10 Einheiten (W\u00f6chentlich, Montags 14:00 \u2013 15:30 Uhr) am Projekt teilnehmen<\/p>\n\n\n\n<p>Eine rein digitale Umsetzung des Projektes ist leider nicht m\u00f6glich.<\/p>\n\n\n\n<p><strong>Methoden:<\/strong><br>Kompakte Projekttage, Gruppenarbeit, Rollenspiel, Reflexion, Bildende Kunst-, Medien-, Text-, Musik- und Tanzworkshops<\/p>\n\n\n\n<p><strong>Nachbereitungsphase im Anschluss an die Pr\u00e4sentation:<\/strong><br>Dokumentation der Workshops und der Auff\u00fchrung in Form von Film, Foto und der Zusammenf\u00fchrung der erschienenen Presseartikel.<br>Reflexion und Ausblick im Hinblick auf die Planung der Nachhaltigkeitsphase<\/p>\n\n\n\n<p><strong>Nachhaltigkeitsphase bis zu den Sommerferien 2022:<\/strong><br>Die Thematik wird in den Klassen und regelm\u00e4\u00dfig im Klassenrat aufgegriffen und kann so zu kleinen Projekten f\u00fchren und im Bewusstsein bleiben, auch in den nachfolgenden Klassenstufen. Zus\u00e4tzlich werden alle verwendeten Arbeitsmaterialien f\u00fcr den theoretischen und praktischen Teil des Projektes den Lehrkr\u00e4ften zur Verf\u00fcgung stehen<\/p>\n\n\n\n<p><strong>Gender Mainstreaming:<\/strong><br>Anliegen und Erfahrungen von M\u00e4dchen ebenso wie die von Jungen werden in die Planung, Durchf\u00fchrung, \u00dcberwachung und Auswertung des Projektes einbezogen.<\/p>\n\n\n\n<p><strong>Diversity:<\/strong><br>Wird als Menschenrechtsansatz, der vielf\u00e4ltige, komplexe Lebenslagen und Erfahrungen anerkennt und auf gleiche Teilhabechancen und Rechte abzielt beachtet.<\/p>\n\n\n\n<p><strong>Inklusiver Ansatz:<\/strong><br>Ist Voraussetzung f\u00fcr Diversity Mainstreaming, welches jedem Menschen die M\u00f6glichkeit geben soll, sich an allen relevanten gesellschaftlichen Prozessen zu beteiligen \u2013 und zwar unabh\u00e4ngig von individuellen F\u00e4higkeiten, kultureller, ethnischer, wie sozialer Herkunft, Religion, Geschlecht oder Alter.<\/p>\n\n\n\n<p>F\u00fcr unser Projekt bedeutet dies, dass die Entwicklung, Organisation, Implementierung und Evaluierung von Entscheidungsprozessen, Beteiligungsformen und Ma\u00dfnahmen so betrieben werden, dass in jedem Bereich und auf allen Ebenen die Ausgangsbedingungen und deren Auswirkungen f\u00fcr jede und jeden Einzelnen ber\u00fccksichtigt werden.<\/p>\n\n\n\n<p><strong>Umsetzung unter Pandemiebedingungen<\/strong><br>Das Projekt ist auch unter Pandemiebedingungen unter Beachtung des aktuellen Hygieneplans f\u00fcr Schulen (AHA) m\u00f6glich. Allerdings m\u00fcssen daf\u00fcr eventuell Klassen in zwei Gruppen aufgeteilt werden, um den Mindestabstand einhalten zu k\u00f6nnen.<br>Da es sich um ein praktisch orientiertes Projekt handelt, ist eine digitale Umsetzung in nur wenigen Teilbereichen beispielsweise mit Hilfe von Videokonferenzen m\u00f6glich.<\/p>\n","protected":false},"excerpt":{"rendered":"<p>Projekte 2022\u00a0>\u00a0Respekt \u2013 mehr als nur ein Wort Die Integrierte Gesamtschule Thaleischweiler-Fr\u00f6schen besuchen M\u00e4dchen und Jungen aus den unterschiedlichsten gesellschaftlichen Strukturen und mit verschiedenen Bildungshintergr\u00fcnden, &hellip; <\/p>\n","protected":false},"author":1,"featured_media":0,"parent":463,"menu_order":0,"comment_status":"closed","ping_status":"closed","template":"","meta":{"ngg_post_thumbnail":0,"footnotes":""},"class_list":["post-726","page","type-page","status-publish","hentry"],"_links":{"self":[{"href":"https:\/\/www.demokratie-leben-in-der-suedwestpfalz.de\/index.php\/wp-json\/wp\/v2\/pages\/726","targetHints":{"allow":["GET"]}}],"collection":[{"href":"https:\/\/www.demokratie-leben-in-der-suedwestpfalz.de\/index.php\/wp-json\/wp\/v2\/pages"}],"about":[{"href":"https:\/\/www.demokratie-leben-in-der-suedwestpfalz.de\/index.php\/wp-json\/wp\/v2\/types\/page"}],"author":[{"embeddable":true,"href":"https:\/\/www.demokratie-leben-in-der-suedwestpfalz.de\/index.php\/wp-json\/wp\/v2\/users\/1"}],"replies":[{"embeddable":true,"href":"https:\/\/www.demokratie-leben-in-der-suedwestpfalz.de\/index.php\/wp-json\/wp\/v2\/comments?post=726"}],"version-history":[{"count":2,"href":"https:\/\/www.demokratie-leben-in-der-suedwestpfalz.de\/index.php\/wp-json\/wp\/v2\/pages\/726\/revisions"}],"predecessor-version":[{"id":731,"href":"https:\/\/www.demokratie-leben-in-der-suedwestpfalz.de\/index.php\/wp-json\/wp\/v2\/pages\/726\/revisions\/731"}],"up":[{"embeddable":true,"href":"https:\/\/www.demokratie-leben-in-der-suedwestpfalz.de\/index.php\/wp-json\/wp\/v2\/pages\/463"}],"wp:attachment":[{"href":"https:\/\/www.demokratie-leben-in-der-suedwestpfalz.de\/index.php\/wp-json\/wp\/v2\/media?parent=726"}],"curies":[{"name":"wp","href":"https:\/\/api.w.org\/{rel}","templated":true}]}}

<p><strong><a href="https://www.demokratie-leben-in-der-suedwestpfalz.de/index.php/projekte-2022/">Projekte 2022</a></strong> ><strong><a href="https://www.demokratie-leben-in-der-suedwestpfalz.de/index.php/projekte-2021/nie-mehr-sprachlos-souveraen-argumentieren/"> </a>Respekt – mehr als nur ein Wort</strong></p>



<p>Die Integrierte Gesamtschule Thaleischweiler-Fröschen besuchen Mädchen und Jungen aus den unterschiedlichsten gesellschaftlichen Strukturen und mit verschiedenen Bildungshintergründen, Nationalitäten, Religionen, Kulturen und Überzeugungen. Diese Vielfältigkeit bereichert unsere Schule, aber sie führt teilweise auch zu Konflikten.</p>



<p>Immer mehr Schülerinnen und Schüler fällt es schwer, andere Äußerungen, Meinungen, Verhaltensweisen oder ein anderes Aussehen zu respektieren.<br>Im Schulalltag nehmen Beleidigungen, körperliche Angriffe, Provokationen, Diskriminierungen und Vorurteile zu.</p>



<p>Den genannten Problemen soll ein Projekt im Rahmen des Bundesprogrammes „Demokratie leben“ entgegenwirken.<br>Durch das gemeinsame Arbeiten kann die Zielgruppe gegenseitige Toleranz und Wertschätzung üben und einen respektvollen Umgang lernen. Bei anstehenden Entscheidungen können die Mädchen und Jungen eigene Ideen sowie Ansichten einbringen, offen werden für andere Meinungen, Einstellungen, Verhaltensweisen sowie der Abbau von Vorurteilen und ein kooperatives Miteinander sollen dabei eine wichtige Rolle spielen.<br>Bereits vorhandene Schwierigkeiten können besprochen und eventuell sogar gelöst werden.</p>



<p>Die Entwicklung und Förderung von demokratischem Bewusstsein ist eine wichtige Aufgabe der Schule.<br>Aus diesem Grund finden an der IGS schon seit mehreren Jahren „Demokratie leben-Projekte“ mit außerschulischen Partnern statt.</p>



<p>Die daran teilnehmenden Schülerinnen und Schüler empfinden es als positive Bereicherung im Schulalltag und nehmen mit Begeisterung an den Angeboten teil.<br>Auch das Kollegium der Schule erachtet die Durchführung von Projekten dieser Art als sehr wichtig, durch die angebotenen Workshops können sich die Kinder und Jugendlichen intensiv mit dem Thema Demokratie beschäftigen.</p>



<p>Unsere Demokratie bleibt ein Prozess, der stetig Engagement und Gestaltung erfordert. Die Pandemie hat einmal mehr diverse neuralgischen Stellen unserer Gesellschaft offenbart und uns als Demokratie heraus- und aufgefordert. Der Dialog und das Erarbeiten der Demokratie ist eine Aufgabe, die sich uns allen stellt und die Perspektive und Fähigkeiten unserer Kinder spielen darin sicherlich keine unerhebliche Rolle. Die IGS besitzt die Auszeichnung „Schule ohne Rassismus und Schule mit Courage“ und geht damit gegen alle Formen von Diskriminierung sowie Rassismus aktiv vor, um einen Beitrag zu einer gewaltfreien, demokratischen Gesellschaft zu leisten.</p>



<p>Im Projekt „RESPEKT- Mehr als nur ein Wort“ werden Schülerinnen und Schüler der 5. &#8211; 12. Klasse beteiligt sein.<br>Das aus zwei Teilen bestehende Projekt findet im ersten Halbjahr in einer Projektwoche und im zweiten Halbjahr als wöchentliche Einheit statt.</p>



<p>Im ersten Teil werden die Schülerinnen und Schüler an intensiven Workshoptagen das Thema in den Kunstsparten Tanz, Theater, Musik und Bildende Kunst behandeln. Diese münden in einer Aufführung und Präsentation der Ergebnisse.<br>Im zweiten Teil werden die Schülerinnen und Schüler wöchentlich das Thema künstlerisch bearbeiten (Musik, Medien, Texten) und verschiedene Ergebnisse in der Sparte Musik/Audiokunst (Audio-Kollagen, Songs, Rap-Tracks, Hörspiel) erzielen.</p>



<p><strong>Allgemeine Vorbereitungsphase:</strong><br>Kontaktaufnahme mit der Jugendkulturwerkstatt (IB Pirmasens)<br>Gespräche über Inhalte und Ziele des Projekts mit den verantwortlichen Dozenten der Jugendkulturwerkstatt<br>Informationen an die Schulleitung über die Inhalte und Ziele des Projekts<br>Besprechung des zeitlichen und örtlichen Rahmens mit der Schulleitung<br>Information des Kollegiums in der Schule<br>Vorbereitende Gespräche mit den Teilnehmern<br>Vorstellung des Projektes im Begleitausschuss</p>



<p><strong>Vorbereitungsphase April, Mai:</strong><br>Die Lehrkräfte, die Schulsozialarbeit und das Team der JugendKulturWerkstatt entwickeln gemeinsam die konkrete Vorgehensweise<br>Die Aufgaben im Projekt werden verteilt<br>Vorstellung des Projektes beim Elternabend</p>



<p><strong>Hauptphase I Juni:</strong><br>Die Schülerinnen und Schüler (5. &#8211; 12. Klasse) werden in einer intensiven Projektwoche (07.06. &#8211; 11.06.22), an 5 Tagen (á 6 UE) am Projekt teilnehmen</p>



<p><strong>Hauptphase II September – Dezember:</strong><br>Die Schüler*innen (5. &#8211; 10. Klasse) werden an 10 Einheiten (Wöchentlich, Montags 14:00 – 15:30 Uhr) am Projekt teilnehmen</p>



<p>Eine rein digitale Umsetzung des Projektes ist leider nicht möglich.</p>



<p><strong>Methoden:</strong><br>Kompakte Projekttage, Gruppenarbeit, Rollenspiel, Reflexion, Bildende Kunst-, Medien-, Text-, Musik- und Tanzworkshops</p>



<p><strong>Nachbereitungsphase im Anschluss an die Präsentation:</strong><br>Dokumentation der Workshops und der Aufführung in Form von Film, Foto und der Zusammenführung der erschienenen Presseartikel.<br>Reflexion und Ausblick im Hinblick auf die Planung der Nachhaltigkeitsphase</p>



<p><strong>Nachhaltigkeitsphase bis zu den Sommerferien 2022:</strong><br>Die Thematik wird in den Klassen und regelmäßig im Klassenrat aufgegriffen und kann so zu kleinen Projekten führen und im Bewusstsein bleiben, auch in den nachfolgenden Klassenstufen. Zusätzlich werden alle verwendeten Arbeitsmaterialien für den theoretischen und praktischen Teil des Projektes den Lehrkräften zur Verfügung stehen</p>



<p><strong>Gender Mainstreaming:</strong><br>Anliegen und Erfahrungen von Mädchen ebenso wie die von Jungen werden in die Planung, Durchführung, Überwachung und Auswertung des Projektes einbezogen.</p>



<p><strong>Diversity:</strong><br>Wird als Menschenrechtsansatz, der vielfältige, komplexe Lebenslagen und Erfahrungen anerkennt und auf gleiche Teilhabechancen und Rechte abzielt beachtet.</p>



<p><strong>Inklusiver Ansatz:</strong><br>Ist Voraussetzung für Diversity Mainstreaming, welches jedem Menschen die Möglichkeit geben soll, sich an allen relevanten gesellschaftlichen Prozessen zu beteiligen – und zwar unabhängig von individuellen Fähigkeiten, kultureller, ethnischer, wie sozialer Herkunft, Religion, Geschlecht oder Alter.</p>



<p>Für unser Projekt bedeutet dies, dass die Entwicklung, Organisation, Implementierung und Evaluierung von Entscheidungsprozessen, Beteiligungsformen und Maßnahmen so betrieben werden, dass in jedem Bereich und auf allen Ebenen die Ausgangsbedingungen und deren Auswirkungen für jede und jeden Einzelnen berücksichtigt werden.</p>



<p><strong>Umsetzung unter Pandemiebedingungen</strong><br>Das Projekt ist auch unter Pandemiebedingungen unter Beachtung des aktuellen Hygieneplans für Schulen (AHA) möglich. Allerdings müssen dafür eventuell Klassen in zwei Gruppen aufgeteilt werden, um den Mindestabstand einhalten zu können.<br>Da es sich um ein praktisch orientiertes Projekt handelt, ist eine digitale Umsetzung in nur wenigen Teilbereichen beispielsweise mit Hilfe von Videokonferenzen möglich.</p>

<p>Projekte 2022 > Respekt – mehr als nur ein Wort Die Integrierte Gesamtschule Thaleischweiler-Fröschen besuchen Mädchen und Jungen aus den unterschiedlichsten gesellschaftlichen Strukturen und mit verschiedenen Bildungshintergründen, &hellip; </p>
