{"id":718,"date":"2023-06-10T09:48:11","date_gmt":"2023-06-10T07:48:11","guid":{"rendered":"https:\/\/www.demokratie-leben-in-der-suedwestpfalz.de\/?page_id=718"},"modified":"2023-06-10T09:51:01","modified_gmt":"2023-06-10T07:51:01","slug":"stark-ohne-muckies","status":"publish","type":"page","link":"https:\/\/www.demokratie-leben-in-der-suedwestpfalz.de\/index.php\/projekte-2022\/stark-ohne-muckies\/","title":{"rendered":"Stark ohne Muckies"},"content":{"rendered":"\n<p><strong><a href=\"https:\/\/www.demokratie-leben-in-der-suedwestpfalz.de\/index.php\/projekte-2022\/\">Projekte 2022<\/a><\/strong>\u00a0><strong><a href=\"https:\/\/www.demokratie-leben-in-der-suedwestpfalz.de\/index.php\/projekte-2021\/nie-mehr-sprachlos-souveraen-argumentieren\/\">\u00a0<\/a>Stark ohne Muckies<\/strong><\/p>\n\n\n\n<p>Zu der schwierigen Coronalage, bei der die sozialen Kontakte der Kinder sehr eingeschr\u00e4nkt sind, wird der Umgang mit Anderen \u00fcberwiegend bei uns einge\u00fcbt. Die Unsicherheit der Kinder ist sp\u00fcrbar! Im Kindergarten kommt es gerade bei Vorschulkindern immer mal zu unangemessenen Auseinandersetzungen mit dem Gegen\u00fcber (Beschimpfungen, \u201eErpressungen\u201c, Schlagen, \u2026), auf die wir nat\u00fcrlich eingehen.<br>In unserer Kita und in den kleinen D\u00f6rfern Herschberg und Saalstadt wachsen die Kinder in einem sehr gesch\u00fctzten Raum auf. Sie sollten unserer Meinung nach besonders gegen Ende der Kitazeit sozial gest\u00e4rkt werden. Situationen wie Bustransport und Schulpausen sollen von selbstbewussten Pers\u00f6nlichkeiten bew\u00e4ltigt werden.<br>Partizipation wird immer mehr einge\u00fcbt. Bei Abstimmungen sollen die Kinder lernen, dass die Mehrheit und nicht die einzelne Meinung im Vordergrund steht (Frustrationstoleranz).<\/p>\n\n\n\n<p>Inhalte: Basierend auf den in Punkt 1 benannten Bedarfen sollen die Kinder Strategien in Bezug auf die 5 Hauptkonflikte lernen.<br>Strategien f\u00fcr die 5 Hauptkonflikte:<br>Beleidigungen, Provokationen, Wegnahme, Festhalten, Gewaltandrohung. Mehr Klarheit in ihre Kommunikation zu bekommen. Selbstbewusstsein, Selbstsicherheit und Selbstliebe st\u00e4rken. Ihre Gedanken in eine gute Richtung lenken und auch Dinge, die ihnen schwerfallen, mit hoher Energie meistern. Ihre Gef\u00fchle sowie die der Mitmenschen zu erkennen und einzuordnen. Aus der Opfer- bzw. T\u00e4terrolle zu kommen. Was (Cyber-) Mobbing ist und was sie dagegen tun k\u00f6nnen. Gef\u00e4hrliche Situationen fr\u00fch zu erkennen, um bestm\u00f6glich zu reagieren, damit Eskalationen vermieden werden. Eigene St\u00e4rken und Kompetenzen erkennen und weiter st\u00e4rken, um ein starkes Selbstbewusstsein und \u2013vertrauen aufzubauen, was essentiell f\u00fcr den weiteren Lebensweg ist.<br>Vorgehensweisen und Methoden:<br>SaoM Trainer*innen haben einen breitgef\u00e4cherten Methodenkoffer um Kindern, Eltern und P\u00e4dagogen neue Methoden und Strategien zu vermitteln.<br>Folgende Trainingsmethoden werden genutzt:<br>Plenum: Zu Beginn und zum Ende treffen sich die Teilnehmer um sich kennenzulernen, Ziele zu vereinbaren, Regeln zu kl\u00e4ren, Informationen zu teilen, Fragen zu stellen, W\u00fcnsche und Bed\u00fcrfnisse auszudr\u00fccken, \u2026<br>Partnerarbeit\/\u00dcbungen: Hier werden Handlungsstrategien direkt gefestigt.<br>Rollenspiel<br>Storytelling: Mittels Geschichten k\u00f6nnen Themen aufgesp\u00fcrt und besprochen werden.<\/p>\n\n\n\n<p>Handlungskonzept<\/p>\n\n\n\n<p><strong>Allgemeine Vorbereitungsphase:<\/strong><br>Oktober 2021 bis Dezember 2021: Werbeflyer von \u201aStark ohne Muckis\u2018 in der Post; Vorgespr\u00e4che im Team, mit der Referentin, den Kindern, der Fachstelle f\u00fcr KiTas im LK SWP, allg. Info an die Eltern (Inhalte und angedachter Termin), Vorgespr\u00e4ch mit Marika Keller (Fach- und Koordinierungsstelle PfD SWP)<\/p>\n\n\n\n<p><strong>Vorbereitungsphase<\/strong><br>Teamgespr\u00e4ch, Eltern-Info mit verbindlichem Termin f\u00fcr den Projekttag, Anmeldung der teilnehmenden Kinder, Honorarvertrag \/ Auftragserteilung f\u00fcr die Referentin<\/p>\n\n\n\n<p><strong>Hauptphase<\/strong><br>Durchf\u00fchrung: 17.03.2022, von 8.00-16.00 Uhr<br>Konkrete Besprechung des Ablaufs findet noch statt<br>Neben dem Grundlagentraining (s.o.) bekommen wir : Briefing der Begleitpersonen zu Beginn; \u00dcbung und Vertiefung der Inhalte in Alltagssituationen (Fr\u00fchst\u00fcck, Freispiel,\u2026) mit den Kindern; Begleitende Gespr\u00e4che mit den P\u00e4dagogen zum Konzept (Fragen kl\u00e4ren, konkrete M\u00f6glichkeiten zur Umsetzung im Alltag entwickeln, \u2026); Elterninfo im Anschluss.<\/p>\n\n\n\n<p><strong>Nachbereitungsphase<\/strong><br>Reflexion des Tages mit den Kindern und Erzieherinnen<br>Bei Bedarf evtl. Elternabend, bzw. \u2013nachmittag<br>Umsetzen der erlernten Strategien im Kitaaltag<br>Evtl. Planung eines l\u00e4ngerfristigen Projekts, mit Einbeziehung aller Beteiligten<br>Dadurch langfristige \u00c4nderung des Umgangs und der Atmosph\u00e4re miteinander<\/p>\n\n\n\n<p>Umsetzung von Gender Mainstreaming, Diversity Mainstreaming und Inklusion als Leitprinzipien des Bundesprogramms<br>Bei der Durchf\u00fchrung des Projektes wird auf geschlechts \u2013 und lebensallstagssensible Zug\u00e4nge geachtet, um die verschiedenen Facetten des Themas f\u00fcr alle zug\u00e4nglich zu machen. Es wird auf geschlechtssensible Sprache und Darstellung geachtet<br>Umsetzung unter Pandemieauflagen m\u00f6glich? \u2013 wie?<br>Die Durchf\u00fchrung ist m\u00f6glich. Das Tragen einer Maske durch die Erwachsenen ist erforderlich<br>Digitale Umsetzung m\u00f6glich? \u2013 wie?<br>Eine digitale Umsetzung dieses Projekts ist nicht m\u00f6glich.<\/p>\n","protected":false},"excerpt":{"rendered":"<p>Projekte 2022\u00a0>\u00a0Stark ohne Muckies Zu der schwierigen Coronalage, bei der die sozialen Kontakte der Kinder sehr eingeschr\u00e4nkt sind, wird der Umgang mit Anderen \u00fcberwiegend bei &hellip; <\/p>\n","protected":false},"author":1,"featured_media":0,"parent":463,"menu_order":0,"comment_status":"closed","ping_status":"closed","template":"","meta":{"ngg_post_thumbnail":0,"footnotes":""},"class_list":["post-718","page","type-page","status-publish","hentry"],"_links":{"self":[{"href":"https:\/\/www.demokratie-leben-in-der-suedwestpfalz.de\/index.php\/wp-json\/wp\/v2\/pages\/718","targetHints":{"allow":["GET"]}}],"collection":[{"href":"https:\/\/www.demokratie-leben-in-der-suedwestpfalz.de\/index.php\/wp-json\/wp\/v2\/pages"}],"about":[{"href":"https:\/\/www.demokratie-leben-in-der-suedwestpfalz.de\/index.php\/wp-json\/wp\/v2\/types\/page"}],"author":[{"embeddable":true,"href":"https:\/\/www.demokratie-leben-in-der-suedwestpfalz.de\/index.php\/wp-json\/wp\/v2\/users\/1"}],"replies":[{"embeddable":true,"href":"https:\/\/www.demokratie-leben-in-der-suedwestpfalz.de\/index.php\/wp-json\/wp\/v2\/comments?post=718"}],"version-history":[{"count":2,"href":"https:\/\/www.demokratie-leben-in-der-suedwestpfalz.de\/index.php\/wp-json\/wp\/v2\/pages\/718\/revisions"}],"predecessor-version":[{"id":723,"href":"https:\/\/www.demokratie-leben-in-der-suedwestpfalz.de\/index.php\/wp-json\/wp\/v2\/pages\/718\/revisions\/723"}],"up":[{"embeddable":true,"href":"https:\/\/www.demokratie-leben-in-der-suedwestpfalz.de\/index.php\/wp-json\/wp\/v2\/pages\/463"}],"wp:attachment":[{"href":"https:\/\/www.demokratie-leben-in-der-suedwestpfalz.de\/index.php\/wp-json\/wp\/v2\/media?parent=718"}],"curies":[{"name":"wp","href":"https:\/\/api.w.org\/{rel}","templated":true}]}}

<p><strong><a href="https://www.demokratie-leben-in-der-suedwestpfalz.de/index.php/projekte-2022/">Projekte 2022</a></strong> ><strong><a href="https://www.demokratie-leben-in-der-suedwestpfalz.de/index.php/projekte-2021/nie-mehr-sprachlos-souveraen-argumentieren/"> </a>Stark ohne Muckies</strong></p>



<p>Zu der schwierigen Coronalage, bei der die sozialen Kontakte der Kinder sehr eingeschränkt sind, wird der Umgang mit Anderen überwiegend bei uns eingeübt. Die Unsicherheit der Kinder ist spürbar! Im Kindergarten kommt es gerade bei Vorschulkindern immer mal zu unangemessenen Auseinandersetzungen mit dem Gegenüber (Beschimpfungen, „Erpressungen“, Schlagen, …), auf die wir natürlich eingehen.<br>In unserer Kita und in den kleinen Dörfern Herschberg und Saalstadt wachsen die Kinder in einem sehr geschützten Raum auf. Sie sollten unserer Meinung nach besonders gegen Ende der Kitazeit sozial gestärkt werden. Situationen wie Bustransport und Schulpausen sollen von selbstbewussten Persönlichkeiten bewältigt werden.<br>Partizipation wird immer mehr eingeübt. Bei Abstimmungen sollen die Kinder lernen, dass die Mehrheit und nicht die einzelne Meinung im Vordergrund steht (Frustrationstoleranz).</p>



<p>Inhalte: Basierend auf den in Punkt 1 benannten Bedarfen sollen die Kinder Strategien in Bezug auf die 5 Hauptkonflikte lernen.<br>Strategien für die 5 Hauptkonflikte:<br>Beleidigungen, Provokationen, Wegnahme, Festhalten, Gewaltandrohung. Mehr Klarheit in ihre Kommunikation zu bekommen. Selbstbewusstsein, Selbstsicherheit und Selbstliebe stärken. Ihre Gedanken in eine gute Richtung lenken und auch Dinge, die ihnen schwerfallen, mit hoher Energie meistern. Ihre Gefühle sowie die der Mitmenschen zu erkennen und einzuordnen. Aus der Opfer- bzw. Täterrolle zu kommen. Was (Cyber-) Mobbing ist und was sie dagegen tun können. Gefährliche Situationen früh zu erkennen, um bestmöglich zu reagieren, damit Eskalationen vermieden werden. Eigene Stärken und Kompetenzen erkennen und weiter stärken, um ein starkes Selbstbewusstsein und –vertrauen aufzubauen, was essentiell für den weiteren Lebensweg ist.<br>Vorgehensweisen und Methoden:<br>SaoM Trainer*innen haben einen breitgefächerten Methodenkoffer um Kindern, Eltern und Pädagogen neue Methoden und Strategien zu vermitteln.<br>Folgende Trainingsmethoden werden genutzt:<br>Plenum: Zu Beginn und zum Ende treffen sich die Teilnehmer um sich kennenzulernen, Ziele zu vereinbaren, Regeln zu klären, Informationen zu teilen, Fragen zu stellen, Wünsche und Bedürfnisse auszudrücken, …<br>Partnerarbeit/Übungen: Hier werden Handlungsstrategien direkt gefestigt.<br>Rollenspiel<br>Storytelling: Mittels Geschichten können Themen aufgespürt und besprochen werden.</p>



<p>Handlungskonzept</p>



<p><strong>Allgemeine Vorbereitungsphase:</strong><br>Oktober 2021 bis Dezember 2021: Werbeflyer von ‚Stark ohne Muckis‘ in der Post; Vorgespräche im Team, mit der Referentin, den Kindern, der Fachstelle für KiTas im LK SWP, allg. Info an die Eltern (Inhalte und angedachter Termin), Vorgespräch mit Marika Keller (Fach- und Koordinierungsstelle PfD SWP)</p>



<p><strong>Vorbereitungsphase</strong><br>Teamgespräch, Eltern-Info mit verbindlichem Termin für den Projekttag, Anmeldung der teilnehmenden Kinder, Honorarvertrag / Auftragserteilung für die Referentin</p>



<p><strong>Hauptphase</strong><br>Durchführung: 17.03.2022, von 8.00-16.00 Uhr<br>Konkrete Besprechung des Ablaufs findet noch statt<br>Neben dem Grundlagentraining (s.o.) bekommen wir : Briefing der Begleitpersonen zu Beginn; Übung und Vertiefung der Inhalte in Alltagssituationen (Frühstück, Freispiel,…) mit den Kindern; Begleitende Gespräche mit den Pädagogen zum Konzept (Fragen klären, konkrete Möglichkeiten zur Umsetzung im Alltag entwickeln, …); Elterninfo im Anschluss.</p>



<p><strong>Nachbereitungsphase</strong><br>Reflexion des Tages mit den Kindern und Erzieherinnen<br>Bei Bedarf evtl. Elternabend, bzw. –nachmittag<br>Umsetzen der erlernten Strategien im Kitaaltag<br>Evtl. Planung eines längerfristigen Projekts, mit Einbeziehung aller Beteiligten<br>Dadurch langfristige Änderung des Umgangs und der Atmosphäre miteinander</p>



<p>Umsetzung von Gender Mainstreaming, Diversity Mainstreaming und Inklusion als Leitprinzipien des Bundesprogramms<br>Bei der Durchführung des Projektes wird auf geschlechts – und lebensallstagssensible Zugänge geachtet, um die verschiedenen Facetten des Themas für alle zugänglich zu machen. Es wird auf geschlechtssensible Sprache und Darstellung geachtet<br>Umsetzung unter Pandemieauflagen möglich? – wie?<br>Die Durchführung ist möglich. Das Tragen einer Maske durch die Erwachsenen ist erforderlich<br>Digitale Umsetzung möglich? – wie?<br>Eine digitale Umsetzung dieses Projekts ist nicht möglich.</p>

<p>Projekte 2022 > Stark ohne Muckies Zu der schwierigen Coronalage, bei der die sozialen Kontakte der Kinder sehr eingeschränkt sind, wird der Umgang mit Anderen überwiegend bei &hellip; </p>
