{"id":700,"date":"2023-06-10T09:34:46","date_gmt":"2023-06-10T07:34:46","guid":{"rendered":"https:\/\/www.demokratie-leben-in-der-suedwestpfalz.de\/?page_id=700"},"modified":"2023-06-10T09:37:42","modified_gmt":"2023-06-10T07:37:42","slug":"the-show-must-go-on","status":"publish","type":"page","link":"https:\/\/www.demokratie-leben-in-der-suedwestpfalz.de\/index.php\/projekte-2022\/the-show-must-go-on\/","title":{"rendered":"The Show must go on"},"content":{"rendered":"\n<p><strong><a href=\"https:\/\/www.demokratie-leben-in-der-suedwestpfalz.de\/index.php\/projekte-2022\/\">Projekte 2022<\/a><\/strong>\u00a0><strong><a href=\"https:\/\/www.demokratie-leben-in-der-suedwestpfalz.de\/index.php\/projekte-2021\/nie-mehr-sprachlos-souveraen-argumentieren\/\">\u00a0<\/a>The Show must go on<\/strong><\/p>\n\n\n\n<p>Schule soll f\u00fcr Kinder von Anfang an ein demokratischer Ort sein und sie f\u00fcr die Demokratie st\u00e4rken, sowie sie bei der Entwicklung zu m\u00fcndigen B\u00fcrgern unterst\u00fctzen, welche aktiv unsere Gesellschaft mitgestalten sollen. Schulische Bildung leistet somit einen elementaren Beitrag zur Anerkennung von Individualit\u00e4t und Vielfalt und zur Integration unterschiedlicher sozialer, biografischer und kultureller Lebens- und Lernerfahrungen. In der Grundschule Ma\u00dfweiler sollen demokratische und menschenrechtliche Werte und Normen, Freiheit, Gerechtigkeit, Toleranz und Solidarit\u00e4t, Zivilcourage, Respekt und Vertrauen im Umgang miteinander nicht nur gelehrt und gelernt werden, sondern auch tagt\u00e4glich gelebt und erfahren werden. Unsere Sch\u00fcler und Sch\u00fclerinnen \u00fcbernehmen hierbei Verantwortung f\u00fcr sich selbst, aber auch f\u00fcr die Klassen- und Schulgemeinschaft und beteiligen sich unmittelbar an wichtigen Entscheidungen f\u00fcr unsere Schule, da sie besonders \u00fcber die pers\u00f6nliche Erfahrung und das eigene Handeln demokratisches Verst\u00e4ndnis entwickeln. Die Partizipation ist im Qualit\u00e4tsprogramm unserer Schule fest verankert und zieht sich somit durch viele Bereiche unseres Schullebens, wie z. B. Klassenrat, Sch\u00fclerparlament usw. Somit wird das Lernen im Fachunterricht erweitert durch das Lernen durch Demokratie im Schulleben und ein Lernen f\u00fcr Demokratie im kommunalen und gesellschaftlichen Umfeld.<br>In Zeiten einer Pandemie und der damit verbundenen Einschr\u00e4nkungen, kamen viele dieser notwendigen, praktischen Erfahrungen zu kurz. Zudem gab es aufgrund der vielen Vorgaben weniger Handlungsraum um demokratische Entscheidungen durchf\u00fchren zu k\u00f6nnen. Beispielweise sollte die Sitzordnung nicht mehr ge\u00e4ndert werden, aufgrund des Abstandsgebotes waren etliche Sozialformen nicht mehr m\u00f6glich, durch die Antigenselbsttests entf\u00e4llt wertvolle Unterrichtszeit, Klassenfahrten, Tagesausfl\u00fcge, Schulfeste und noch viele andere Aktivit\u00e4ten bei den die Kinder sich einbringen und entscheiden konnten, entfielen pandemiebedingt.<\/p>\n\n\n\n<p>In unserem Projekt k\u00f6nnen die Sch\u00fcler aktiv demokratisch handeln, indem sie von Anfang an Entscheidungen (welches Musical sie spielen m\u00f6chten, wer welche Rolle \u00fcbernimmt, welche Lieder gesungen werden, wie das B\u00fchnenbild gestaltet werden soll usw.) treffen. Dabei werden zudem Akzeptanz und Wertsch\u00e4tzung von Vielfalt, sowie Empathie, Respekt, Toleranz, Kommunikationsf\u00e4higkeit, Argumentationsf\u00e4higkeit und Teamf\u00e4higkeit gef\u00f6rdert. Die Einbindung neuer Medien bietet zudem Anlass, deren Nutzung kritisch zu hinterfragen und auf Gefahren im Internet, Cybermobbing usw. einzugehen. Die k\u00fcnstlerischen und musischen Elemente f\u00f6rdern au\u00dferdem die Kreativit\u00e4t der Kinder und st\u00e4rken enorm ihr Selbstbewusstsein. Das gemeinsame Endprodukt wird das Gemeinschaftsgef\u00fchl als Schulgemeinschaft st\u00e4rken und Inhalte lassen sich an diesem sicher nachhaltig wiederholen. Den Viertkl\u00e4sslern wird zudem noch die M\u00f6glichkeit gegeben, sich mit dem Musical eindrucksvoll verabschieden zu k\u00f6nnen.<br>In \u201eThe Show Must Go On\u201c nehmen die Sch\u00fcler*innen der 1. &#8211; 4. Klasse, jeweils an zwei intensiven Workshop-Tagen am Projekt teil. In den Bereichen Musik, Bildende Kunst und Texten finden (13.06. &#8211; 05.07.22) an Montagen und Dienstagen Workshops statt. Die letzten Proben, die Auff\u00fchrung und Pr\u00e4sentation (14.07.) werden dokumentiert, zu einem Clip auf DVD gepackt und vor den Sommerferien an die TN, Lehrkr\u00e4fte und Multiplikatoren \u00fcbergeben werden.<\/p>\n\n\n\n<p><strong>Projektablauf:<\/strong><\/p>\n\n\n\n<p><strong>Allgemeine Vorbereitungsphase:<\/strong><br>Vorbesprechungen mit den Projektbeteiligten<br>Vertiefung der Inhalte<br>Vorstellung des Projektes im Begleitausschuss<\/p>\n\n\n\n<p><strong>Vorbereitungsphase Juni:<\/strong><br>Die Lehrkr\u00e4fte, die Schulsozialarbeit und das Team der JugendKulturWerkstatt entwickeln gemeinsam die konkrete Vorgehensweise<br>Die Aufgaben im Projekt werden verteilt<br>Vorstellung des Projektes beim Elternabend<\/p>\n\n\n\n<p><strong>Hauptphase Juni, Juli:<\/strong><br>Jede Klassenstufe wird an unterschiedlichen Wochen, jeweils an zwei intensiven Workshop-Tagen am Projekt teilnehmen. Zwei klassen\u00fcbergreifende Aufbau- und Probentage und eine gemeinsame Auff\u00fchrung und Pr\u00e4sentation wird folgen.<\/p>\n\n\n\n<p><strong>Methoden:<\/strong><br>Kompakte Projekttage, Gruppenarbeit, Reflexion, Bildende Kunst-, Medien-, Text- und Musikworkshops<\/p>\n\n\n\n<p><strong>Nachbereitungsphase im Anschluss an die Pr\u00e4sentation:<\/strong><br>Dokumentation der Workshops und der Auff\u00fchrung in Form von Film, Foto und der Zusammenf\u00fchrung der erschienenen Presseartikel<br>Reflexion und Ausblick im Hinblick auf die Planung der Nachhaltigkeitsphase<\/p>\n\n\n\n<p><strong>Nachhaltigkeitsphase bis zu den Sommerferien 2022:<\/strong><br>Die Thematik wird in den Klassen und regelm\u00e4\u00dfig im Klassenrat (eingef\u00fchrt, falls noch nicht vorhanden) aufgegriffen und kann so zu kleinen Projekten f\u00fchren und im Bewusstsein bleiben, auch in den nachfolgenden Klassenstufen. Zus\u00e4tzlich werden alle verwendeten Arbeitsmaterialien f\u00fcr den theoretischen und praktischen Teil des Projektes den Lehrkr\u00e4ften zur Verf\u00fcgung stehen<\/p>\n\n\n\n<p><strong>Gender Mainstreaming:<\/strong><br>Anliegen und Erfahrungen von M\u00e4dchen ebenso wie die von Jungen werden in die Planung, Durchf\u00fchrung, \u00dcberwachung und Auswertung des Projektes einbezogen.<\/p>\n\n\n\n<p><strong>Diversity:<\/strong><br>Wird als Menschenrechtsansatz, der vielf\u00e4ltige, komplexe Lebenslagen und Erfahrungen anerkennt und auf gleiche Teilhabechancen und Rechte abzielt beachtet.<\/p>\n\n\n\n<p><strong>Inklusiver Ansatz:<\/strong><br>Ist Voraussetzung f\u00fcr Diversity Mainstreaming, welches jedem Menschen die M\u00f6glichkeit geben soll, sich an allen relevanten gesellschaftlichen Prozessen zu beteiligen \u2013 und zwar unabh\u00e4ngig von individuellen F\u00e4higkeiten, kultureller, ethnischer, wie sozialer Herkunft, Religion, Geschlecht oder Alter.<\/p>\n\n\n\n<p>F\u00fcr unser Projekt bedeutet dies, dass die Entwicklung, Organisation, Implementierung und Evaluierung von Entscheidungsprozessen, Beteiligungsformen und Ma\u00dfnahmen so betrieben werden, dass in jedem Bereich und auf allen Ebenen die Ausgangsbedingungen und deren Auswirkungen f\u00fcr jede und jeden Einzelnen ber\u00fccksichtigt werden.<\/p>\n","protected":false},"excerpt":{"rendered":"<p>Projekte 2022\u00a0>\u00a0The Show must go on Schule soll f\u00fcr Kinder von Anfang an ein demokratischer Ort sein und sie f\u00fcr die Demokratie st\u00e4rken, sowie sie &hellip; <\/p>\n","protected":false},"author":1,"featured_media":0,"parent":463,"menu_order":0,"comment_status":"closed","ping_status":"closed","template":"","meta":{"ngg_post_thumbnail":0,"footnotes":""},"class_list":["post-700","page","type-page","status-publish","hentry"],"_links":{"self":[{"href":"https:\/\/www.demokratie-leben-in-der-suedwestpfalz.de\/index.php\/wp-json\/wp\/v2\/pages\/700","targetHints":{"allow":["GET"]}}],"collection":[{"href":"https:\/\/www.demokratie-leben-in-der-suedwestpfalz.de\/index.php\/wp-json\/wp\/v2\/pages"}],"about":[{"href":"https:\/\/www.demokratie-leben-in-der-suedwestpfalz.de\/index.php\/wp-json\/wp\/v2\/types\/page"}],"author":[{"embeddable":true,"href":"https:\/\/www.demokratie-leben-in-der-suedwestpfalz.de\/index.php\/wp-json\/wp\/v2\/users\/1"}],"replies":[{"embeddable":true,"href":"https:\/\/www.demokratie-leben-in-der-suedwestpfalz.de\/index.php\/wp-json\/wp\/v2\/comments?post=700"}],"version-history":[{"count":2,"href":"https:\/\/www.demokratie-leben-in-der-suedwestpfalz.de\/index.php\/wp-json\/wp\/v2\/pages\/700\/revisions"}],"predecessor-version":[{"id":705,"href":"https:\/\/www.demokratie-leben-in-der-suedwestpfalz.de\/index.php\/wp-json\/wp\/v2\/pages\/700\/revisions\/705"}],"up":[{"embeddable":true,"href":"https:\/\/www.demokratie-leben-in-der-suedwestpfalz.de\/index.php\/wp-json\/wp\/v2\/pages\/463"}],"wp:attachment":[{"href":"https:\/\/www.demokratie-leben-in-der-suedwestpfalz.de\/index.php\/wp-json\/wp\/v2\/media?parent=700"}],"curies":[{"name":"wp","href":"https:\/\/api.w.org\/{rel}","templated":true}]}}

<p><strong><a href="https://www.demokratie-leben-in-der-suedwestpfalz.de/index.php/projekte-2022/">Projekte 2022</a></strong> ><strong><a href="https://www.demokratie-leben-in-der-suedwestpfalz.de/index.php/projekte-2021/nie-mehr-sprachlos-souveraen-argumentieren/"> </a>The Show must go on</strong></p>



<p>Schule soll für Kinder von Anfang an ein demokratischer Ort sein und sie für die Demokratie stärken, sowie sie bei der Entwicklung zu mündigen Bürgern unterstützen, welche aktiv unsere Gesellschaft mitgestalten sollen. Schulische Bildung leistet somit einen elementaren Beitrag zur Anerkennung von Individualität und Vielfalt und zur Integration unterschiedlicher sozialer, biografischer und kultureller Lebens- und Lernerfahrungen. In der Grundschule Maßweiler sollen demokratische und menschenrechtliche Werte und Normen, Freiheit, Gerechtigkeit, Toleranz und Solidarität, Zivilcourage, Respekt und Vertrauen im Umgang miteinander nicht nur gelehrt und gelernt werden, sondern auch tagtäglich gelebt und erfahren werden. Unsere Schüler und Schülerinnen übernehmen hierbei Verantwortung für sich selbst, aber auch für die Klassen- und Schulgemeinschaft und beteiligen sich unmittelbar an wichtigen Entscheidungen für unsere Schule, da sie besonders über die persönliche Erfahrung und das eigene Handeln demokratisches Verständnis entwickeln. Die Partizipation ist im Qualitätsprogramm unserer Schule fest verankert und zieht sich somit durch viele Bereiche unseres Schullebens, wie z. B. Klassenrat, Schülerparlament usw. Somit wird das Lernen im Fachunterricht erweitert durch das Lernen durch Demokratie im Schulleben und ein Lernen für Demokratie im kommunalen und gesellschaftlichen Umfeld.<br>In Zeiten einer Pandemie und der damit verbundenen Einschränkungen, kamen viele dieser notwendigen, praktischen Erfahrungen zu kurz. Zudem gab es aufgrund der vielen Vorgaben weniger Handlungsraum um demokratische Entscheidungen durchführen zu können. Beispielweise sollte die Sitzordnung nicht mehr geändert werden, aufgrund des Abstandsgebotes waren etliche Sozialformen nicht mehr möglich, durch die Antigenselbsttests entfällt wertvolle Unterrichtszeit, Klassenfahrten, Tagesausflüge, Schulfeste und noch viele andere Aktivitäten bei den die Kinder sich einbringen und entscheiden konnten, entfielen pandemiebedingt.</p>



<p>In unserem Projekt können die Schüler aktiv demokratisch handeln, indem sie von Anfang an Entscheidungen (welches Musical sie spielen möchten, wer welche Rolle übernimmt, welche Lieder gesungen werden, wie das Bühnenbild gestaltet werden soll usw.) treffen. Dabei werden zudem Akzeptanz und Wertschätzung von Vielfalt, sowie Empathie, Respekt, Toleranz, Kommunikationsfähigkeit, Argumentationsfähigkeit und Teamfähigkeit gefördert. Die Einbindung neuer Medien bietet zudem Anlass, deren Nutzung kritisch zu hinterfragen und auf Gefahren im Internet, Cybermobbing usw. einzugehen. Die künstlerischen und musischen Elemente fördern außerdem die Kreativität der Kinder und stärken enorm ihr Selbstbewusstsein. Das gemeinsame Endprodukt wird das Gemeinschaftsgefühl als Schulgemeinschaft stärken und Inhalte lassen sich an diesem sicher nachhaltig wiederholen. Den Viertklässlern wird zudem noch die Möglichkeit gegeben, sich mit dem Musical eindrucksvoll verabschieden zu können.<br>In „The Show Must Go On“ nehmen die Schüler*innen der 1. &#8211; 4. Klasse, jeweils an zwei intensiven Workshop-Tagen am Projekt teil. In den Bereichen Musik, Bildende Kunst und Texten finden (13.06. &#8211; 05.07.22) an Montagen und Dienstagen Workshops statt. Die letzten Proben, die Aufführung und Präsentation (14.07.) werden dokumentiert, zu einem Clip auf DVD gepackt und vor den Sommerferien an die TN, Lehrkräfte und Multiplikatoren übergeben werden.</p>



<p><strong>Projektablauf:</strong></p>



<p><strong>Allgemeine Vorbereitungsphase:</strong><br>Vorbesprechungen mit den Projektbeteiligten<br>Vertiefung der Inhalte<br>Vorstellung des Projektes im Begleitausschuss</p>



<p><strong>Vorbereitungsphase Juni:</strong><br>Die Lehrkräfte, die Schulsozialarbeit und das Team der JugendKulturWerkstatt entwickeln gemeinsam die konkrete Vorgehensweise<br>Die Aufgaben im Projekt werden verteilt<br>Vorstellung des Projektes beim Elternabend</p>



<p><strong>Hauptphase Juni, Juli:</strong><br>Jede Klassenstufe wird an unterschiedlichen Wochen, jeweils an zwei intensiven Workshop-Tagen am Projekt teilnehmen. Zwei klassenübergreifende Aufbau- und Probentage und eine gemeinsame Aufführung und Präsentation wird folgen.</p>



<p><strong>Methoden:</strong><br>Kompakte Projekttage, Gruppenarbeit, Reflexion, Bildende Kunst-, Medien-, Text- und Musikworkshops</p>



<p><strong>Nachbereitungsphase im Anschluss an die Präsentation:</strong><br>Dokumentation der Workshops und der Aufführung in Form von Film, Foto und der Zusammenführung der erschienenen Presseartikel<br>Reflexion und Ausblick im Hinblick auf die Planung der Nachhaltigkeitsphase</p>



<p><strong>Nachhaltigkeitsphase bis zu den Sommerferien 2022:</strong><br>Die Thematik wird in den Klassen und regelmäßig im Klassenrat (eingeführt, falls noch nicht vorhanden) aufgegriffen und kann so zu kleinen Projekten führen und im Bewusstsein bleiben, auch in den nachfolgenden Klassenstufen. Zusätzlich werden alle verwendeten Arbeitsmaterialien für den theoretischen und praktischen Teil des Projektes den Lehrkräften zur Verfügung stehen</p>



<p><strong>Gender Mainstreaming:</strong><br>Anliegen und Erfahrungen von Mädchen ebenso wie die von Jungen werden in die Planung, Durchführung, Überwachung und Auswertung des Projektes einbezogen.</p>



<p><strong>Diversity:</strong><br>Wird als Menschenrechtsansatz, der vielfältige, komplexe Lebenslagen und Erfahrungen anerkennt und auf gleiche Teilhabechancen und Rechte abzielt beachtet.</p>



<p><strong>Inklusiver Ansatz:</strong><br>Ist Voraussetzung für Diversity Mainstreaming, welches jedem Menschen die Möglichkeit geben soll, sich an allen relevanten gesellschaftlichen Prozessen zu beteiligen – und zwar unabhängig von individuellen Fähigkeiten, kultureller, ethnischer, wie sozialer Herkunft, Religion, Geschlecht oder Alter.</p>



<p>Für unser Projekt bedeutet dies, dass die Entwicklung, Organisation, Implementierung und Evaluierung von Entscheidungsprozessen, Beteiligungsformen und Maßnahmen so betrieben werden, dass in jedem Bereich und auf allen Ebenen die Ausgangsbedingungen und deren Auswirkungen für jede und jeden Einzelnen berücksichtigt werden.</p>

<p>Projekte 2022 > The Show must go on Schule soll für Kinder von Anfang an ein demokratischer Ort sein und sie für die Demokratie stärken, sowie sie &hellip; </p>
