{"id":690,"date":"2023-06-10T09:25:45","date_gmt":"2023-06-10T07:25:45","guid":{"rendered":"https:\/\/www.demokratie-leben-in-der-suedwestpfalz.de\/?page_id=690"},"modified":"2023-06-10T09:31:42","modified_gmt":"2023-06-10T07:31:42","slug":"garten-der-vielfalt","status":"publish","type":"page","link":"https:\/\/www.demokratie-leben-in-der-suedwestpfalz.de\/index.php\/projekte-2022\/garten-der-vielfalt\/","title":{"rendered":"Garten der Vielfalt"},"content":{"rendered":"\n<p><strong><a href=\"https:\/\/www.demokratie-leben-in-der-suedwestpfalz.de\/index.php\/projekte-2022\/\">Projekte 2022<\/a><\/strong>\u00a0><strong><a href=\"https:\/\/www.demokratie-leben-in-der-suedwestpfalz.de\/index.php\/projekte-2021\/nie-mehr-sprachlos-souveraen-argumentieren\/\">\u00a0<\/a>Garten der Vielfalt<\/strong><\/p>\n\n\n\n<p>Schule soll f\u00fcr Kinder von Anfang an ein demokratischer Ort sein und sie f\u00fcr die Demokratie st\u00e4rken, sowie sie bei der Entwicklung zu m\u00fcndigen B\u00fcrgern unterst\u00fctzen, welche aktiv unsere Gesellschaft mitgestalten sollen. Um Gesellschaft mitgestalten zu k\u00f6nnen und sich in dieser engagieren zu wollen, bedarf es vielf\u00e4ltiger Kompetenzen und Erfahrungen, die Teil der schulischen Bildung sein m\u00fcssen. Hierbei bildet Partizipation eine wichtige S\u00e4ule f\u00fcr politische Kultur und ist eng mit nachhaltiger Entwicklung verkn\u00fcpft, wobei innerhalb dieser Bildung das Ziel der Gestaltungskompetenz zentral genannt ist (De Haan\/Harenberg 1999).<\/p>\n\n\n\n<p>Dabei gilt es haupts\u00e4chlich, solche Kompetenzen zu f\u00f6rdern, die Menschen Empathie f\u00e4hig, kooperations- und aushandlungsf\u00e4hig, aber auch mutig und selbstbewusst machen f\u00fcr das eigene Handeln einzustehen. Schulische Bildung leistet hierbei einen elementaren Beitrag und m\u00f6chte eine Gestaltungskompetenz f\u00f6rdern, die vorausschauendes Denken und probleml\u00f6sendes, respektvolles, wertsch\u00e4tzendes Verhalten anbahnt, indem sie dabei das Wissen aus unterschiedlichen Bereichen zug\u00e4ngig macht. Bereits die Umweltbildung legte wichtige Grundsteine zur politischen Bildung. Die Bildung f\u00fcr nachhaltige Entwicklung erweitert diese jedoch noch, da \u00f6konomische und soziale Fragen mit \u00f6kologischen Perspektiven bearbeitet werden.<\/p>\n\n\n\n<p>Die Sch\u00fcler und Sch\u00fclerinnen der Grundschule Ma\u00dfweiler sind bereits sehr fr\u00fch in Entscheidungen f\u00fcr sich selbst, aber auch f\u00fcr die Klassen- und Schulgemeinschaft eingebunden und \u00fcbernehmen dabei auch Verantwortung, um fr\u00fchzeitig demokratisches Verst\u00e4ndnis entwickeln zu k\u00f6nnen. Die Partizipation ist im Qualit\u00e4tsprogramm unserer Schule fest verankert und zieht sich somit durch viele Bereiche unseres Schullebens, wie z. B. Klassenrat, Sch\u00fclerparlament usw. Somit wird das Lernen im Fachunterricht erweitert durch das Lernen durch Demokratie im Schulleben und ein Lernen f\u00fcr Demokratie im kommunalen und gesellschaftlichen Umfeld. Dadurch sind unsere Sch\u00fcler_innen zum Teil schon sensibilisiert, so dass sie auch Interesse an aktuellen politischen Diskussionen zeigen. Bei der Neugestaltung unseres Schulhofes werden sie fest in die Gestaltung miteinbezogen und \u00e4u\u00dferten bereits W\u00fcnsche zum Schutz der Artenvielfalt und vielem mehr.<\/p>\n\n\n\n<p>Das Projekt \u201eGarten der Vielfalt\u201c erm\u00f6glicht den Kindern Erfahrungen der Partizipation zu erleben, aber auch Vielfalt kennenzulernen und somit Schritt f\u00fcr Schritt Handlungsweisen und Strategien zu entwickeln, hin zu einer vielf\u00e4ltigen Gesellschaft, welche Vielfalt als Bereicherung ansieht. Zudem lernen sie, Verantwortung zu \u00fcbernehmen, da sie sich weiterhin um den Schulhof k\u00fcmmern werden. Themen k\u00f6nnen daher nachhaltig immer wieder aufgegriffen werden und unser \u201eGarten der Vielfalt\u201c kann mit der Zeit und mit nachkommenden Schulkindern noch vielf\u00e4ltiger und nachhaltiger wachsen.<\/p>\n\n\n\n<p><strong>Projektinhalt und Handlungskonzept:<\/strong><\/p>\n\n\n\n<p>Zuerst werden die politischen Umweltthemen, die die Kinder bereits im Vorfeld des Projektes interessieren, gesammelt und in einem partizipativen Brainstorming zusammen mit den einzelnen Klassen abgeglichen bzw. erg\u00e4nzt. Im Anschluss daran werden sie nach Themen, die zur Ausgestaltung des Gartens der Vielfalt passen, von den Kindern diskutiert und priorisiert. Dies dient zur Ausgangslage der konkreten Projektumsetzung: die einzelnen Themen werden interaktiv und anhand natur- und waldp\u00e4dagogischer Methoden bearbeitet, die anschlie\u00dfend in Handlungsoptionen enden. Dies l\u00e4sst sich am Beispiel von Bl\u00fch-, Obst- und Gem\u00fcsepflanzen &amp; D\u00fcngemittel im Garten der Vielfalt beschreiben: viele D\u00fcngemittel sind giftig oder belasten unser Wasser, die benachbarte Tier- und Artenwelt nachhaltig, allen voran die Honig- und Wildbienen. Diese Best\u00e4uber sind aber unerl\u00e4sslich f\u00fcr unsere Nahrungssicherheit weltweit. Nachdem die Folgen des Klimawandels auch bei uns schon weit verbreitet sind, leiden unsere Pflanzen unter langen Trockenperioden oder zu viel Regen. Hier gibt es als sehr gute Handlungsoption regionale Schafwollpellets. Diese stammen aus der Region, belastet die Best\u00e4uber und andere Arten nicht und vermeiden die \u00dcbers\u00e4uerung der B\u00f6den, saugen \u00fcbersch\u00fcssiges Regenwasser wie ein Schwamm auf und geben Feuchtigkeit ab, wenn die Erde zu trocken wird. Im gleichen Zug wird dem regionalen und kulturellen Gut der Schafwolle wieder mehr Gewicht beigemessen und ein wirtschaftliches Produkt wiederverwendet, was in den letzten Jahrzehnten zum \u201eAbfallprodukt\u201c wurde. All diese Zusammenh\u00e4nge an diesem Beispiel zeigen, wie die Grundschulkinder vorausschauendes Denken und probleml\u00f6sendes, respektvolles, wertsch\u00e4tzendes Verhalten lernen, indem Wissen aus unterschiedlichen Bereichen zug\u00e4ngig gemacht wird.<\/p>\n\n\n\n<p>Leitfragen zur partizipativen Ausarbeitung des Gartens der Vielfalt sind unter anderem:<\/p>\n\n\n\n<p>Welche Arten m\u00f6chten wir verst\u00e4rkt unterst\u00fctzten? Und welche brauchen dringend unsere Hilfe?<br>Wie kann ich diese Arten unterst\u00fctzen? Was sind gute, nachhaltige Handlungsoptionen?<br>Welche Klasse \u00fcbernimmt die Verantwortung f\u00fcr die Ausgestaltung der einzelnen, vielf\u00e4ltigen Bereiche im Garten der Vielfalt?<\/p>\n\n\n\n<p>Anhand dieser Vorgehensweise wird im Projektverlauf nach und nach der Garten der Vielfalt entstehen, der die Sichtweisen, Gef\u00fchle, Meinungen und Handlungsoptionen der vielf\u00e4ltigen Grundschulkinder widerspiegelt. Zudem findet ein Projekttag bei der Umweltbildung Riegelbrunnerhof statt, wo die Kinder sich bei einer F\u00fchrung durch das Gel\u00e4nde unterschiedliche Tipps und Anregungen holen k\u00f6nnen. Die Selbstwirksamkeit und Wertsch\u00e4tzung eines jeden Kindes im Projektverlauf wird durch den Bau und der Gestaltung einer eigenen Vogelnisthilfe f\u00fcr den heimischen Garten noch zus\u00e4tzlich gest\u00e4rkt.<\/p>\n\n\n\n<p><strong>Vorgehensweise:<\/strong><\/p>\n\n\n\n<p><strong>Februar 2022:<\/strong><\/p>\n\n\n\n<p>Organisation des Projektes und Strukturierung der Lerninhalte<br>Partizipative Planung des Projektes zusammen mit den Lehrkr\u00e4ften und Team<\/p>\n\n\n\n<p><strong>M\u00e4rz + April 2022:<\/strong><\/p>\n\n\n\n<p>Beginn der konkreten Durchf\u00fchrung des Projektes an der Grundschule<\/p>\n\n\n\n<p><strong>Mai 2022:<\/strong><\/p>\n\n\n\n<p>Weiterf\u00fchren des Projektes an der Grundschule<br>Projekttag bei der Umweltbildung Riegelbrunnerhof<br>Projektabschluss und Evaluation<\/p>\n\n\n\n<p><strong>Juni 2022:<\/strong><\/p>\n\n\n\n<p>Pr\u00e4sentation des Gartens der Vielfalt am Schulfest im Sommer 2022<br>Erstellung Abschlussbericht und Dokumentation<br>Erstellung des Verwendungsnachweises (sachlich als auch rechnerisch)<\/p>\n\n\n\n<p><strong>Methoden:<\/strong><\/p>\n\n\n\n<p>Einzelarbeit &amp; Gruppenarbeit<br>Gewaltfreie Kommunikation<br>Abfragetechniken &amp; Mehrheitsentscheidung<br>Brainstorming<br>Gartenarbeit<br>Holzarbeiten &amp; Handwerken<br>Natur- und Waldp\u00e4dagogik<br>Feedback-Methoden<\/p>\n\n\n\n<p><strong>Gender Mainstreaming:<\/strong><\/p>\n\n\n\n<p>Die Anliegen und Erfahrungen von M\u00e4dchen\/Frauen ebenso wie die von Jungen\/M\u00e4nnern, werden in die Planung, Durchf\u00fchrung, das Monitoring und die Auswertung des hier vorliegenden Projektes selbstverst\u00e4ndlich einbezogen. Es wird darauf geachtet Frauen\/M\u00e4dchen als auch M\u00e4nner\/Jungen m\u00f6glichst analog zur Zusammensetzung der Sch\u00fclerschaft der teilnehmenden Schule zu erreichen.<\/p>\n\n\n\n<p><strong>Inklusiver Ansatz:<\/strong><\/p>\n\n\n\n<p>Das Projekt f\u00f6rdert Inklusion als Voraussetzung f\u00fcr Diversity Mainstreaming indem es jedem Sch\u00fcler und jeder Sch\u00fclerin die M\u00f6glichkeit gibt sich auf seine Weise zu beteiligen und dies unabh\u00e4ngig von seinen individuellen F\u00e4higkeiten, kultureller, ethnischer sowie sozialer Herkunft, Religion, Geschlecht oder Alter.<\/p>\n\n\n\n<p><strong>Diversity Mainstreaming:<\/strong><\/p>\n\n\n\n<p>Im Diversity Mainstreaming verfolgen wir den Ansatz, dass wir auf gleiche Teilhabechancen und Rechte eines jeden Individuums abzielen und erkennen alle heterogenen Lebenslagen und Erfahrungen gleicherma\u00dfen an.<\/p>\n\n\n\n<p><strong>Umsetzung unter Pandemieauflagen:<\/strong><\/p>\n\n\n\n<p>Die Veranstaltungsreihe kann zu Teilen im Outdoor-Bereich durchgef\u00fchrt werden an der frischen Luft. Somit k\u00f6nnen striktere Pandemieauflagen (Abstand \/ Mundschutz etc.) aufgefangen und integriert werden.<\/p>\n\n\n\n<p><strong>Digitale Umsetzung m\u00f6glich:<\/strong><\/p>\n\n\n\n<p>Die digitale Umsetzung w\u00e4re in diesem Fall nur begrenzt und eher nur theoretisch m\u00f6glich (Zoom, Break-Out Rooms, Walls zur Abfrage von W\u00fcnschen aufzuschreiben).<\/p>\n","protected":false},"excerpt":{"rendered":"<p>Projekte 2022\u00a0>\u00a0Garten der Vielfalt Schule soll f\u00fcr Kinder von Anfang an ein demokratischer Ort sein und sie f\u00fcr die Demokratie st\u00e4rken, sowie sie bei der &hellip; <\/p>\n","protected":false},"author":1,"featured_media":0,"parent":463,"menu_order":0,"comment_status":"closed","ping_status":"closed","template":"","meta":{"ngg_post_thumbnail":0,"footnotes":""},"class_list":["post-690","page","type-page","status-publish","hentry"],"_links":{"self":[{"href":"https:\/\/www.demokratie-leben-in-der-suedwestpfalz.de\/index.php\/wp-json\/wp\/v2\/pages\/690","targetHints":{"allow":["GET"]}}],"collection":[{"href":"https:\/\/www.demokratie-leben-in-der-suedwestpfalz.de\/index.php\/wp-json\/wp\/v2\/pages"}],"about":[{"href":"https:\/\/www.demokratie-leben-in-der-suedwestpfalz.de\/index.php\/wp-json\/wp\/v2\/types\/page"}],"author":[{"embeddable":true,"href":"https:\/\/www.demokratie-leben-in-der-suedwestpfalz.de\/index.php\/wp-json\/wp\/v2\/users\/1"}],"replies":[{"embeddable":true,"href":"https:\/\/www.demokratie-leben-in-der-suedwestpfalz.de\/index.php\/wp-json\/wp\/v2\/comments?post=690"}],"version-history":[{"count":3,"href":"https:\/\/www.demokratie-leben-in-der-suedwestpfalz.de\/index.php\/wp-json\/wp\/v2\/pages\/690\/revisions"}],"predecessor-version":[{"id":697,"href":"https:\/\/www.demokratie-leben-in-der-suedwestpfalz.de\/index.php\/wp-json\/wp\/v2\/pages\/690\/revisions\/697"}],"up":[{"embeddable":true,"href":"https:\/\/www.demokratie-leben-in-der-suedwestpfalz.de\/index.php\/wp-json\/wp\/v2\/pages\/463"}],"wp:attachment":[{"href":"https:\/\/www.demokratie-leben-in-der-suedwestpfalz.de\/index.php\/wp-json\/wp\/v2\/media?parent=690"}],"curies":[{"name":"wp","href":"https:\/\/api.w.org\/{rel}","templated":true}]}}

<p><strong><a href="https://www.demokratie-leben-in-der-suedwestpfalz.de/index.php/projekte-2022/">Projekte 2022</a></strong> ><strong><a href="https://www.demokratie-leben-in-der-suedwestpfalz.de/index.php/projekte-2021/nie-mehr-sprachlos-souveraen-argumentieren/"> </a>Garten der Vielfalt</strong></p>



<p>Schule soll für Kinder von Anfang an ein demokratischer Ort sein und sie für die Demokratie stärken, sowie sie bei der Entwicklung zu mündigen Bürgern unterstützen, welche aktiv unsere Gesellschaft mitgestalten sollen. Um Gesellschaft mitgestalten zu können und sich in dieser engagieren zu wollen, bedarf es vielfältiger Kompetenzen und Erfahrungen, die Teil der schulischen Bildung sein müssen. Hierbei bildet Partizipation eine wichtige Säule für politische Kultur und ist eng mit nachhaltiger Entwicklung verknüpft, wobei innerhalb dieser Bildung das Ziel der Gestaltungskompetenz zentral genannt ist (De Haan/Harenberg 1999).</p>



<p>Dabei gilt es hauptsächlich, solche Kompetenzen zu fördern, die Menschen Empathie fähig, kooperations- und aushandlungsfähig, aber auch mutig und selbstbewusst machen für das eigene Handeln einzustehen. Schulische Bildung leistet hierbei einen elementaren Beitrag und möchte eine Gestaltungskompetenz fördern, die vorausschauendes Denken und problemlösendes, respektvolles, wertschätzendes Verhalten anbahnt, indem sie dabei das Wissen aus unterschiedlichen Bereichen zugängig macht. Bereits die Umweltbildung legte wichtige Grundsteine zur politischen Bildung. Die Bildung für nachhaltige Entwicklung erweitert diese jedoch noch, da ökonomische und soziale Fragen mit ökologischen Perspektiven bearbeitet werden.</p>



<p>Die Schüler und Schülerinnen der Grundschule Maßweiler sind bereits sehr früh in Entscheidungen für sich selbst, aber auch für die Klassen- und Schulgemeinschaft eingebunden und übernehmen dabei auch Verantwortung, um frühzeitig demokratisches Verständnis entwickeln zu können. Die Partizipation ist im Qualitätsprogramm unserer Schule fest verankert und zieht sich somit durch viele Bereiche unseres Schullebens, wie z. B. Klassenrat, Schülerparlament usw. Somit wird das Lernen im Fachunterricht erweitert durch das Lernen durch Demokratie im Schulleben und ein Lernen für Demokratie im kommunalen und gesellschaftlichen Umfeld. Dadurch sind unsere Schüler_innen zum Teil schon sensibilisiert, so dass sie auch Interesse an aktuellen politischen Diskussionen zeigen. Bei der Neugestaltung unseres Schulhofes werden sie fest in die Gestaltung miteinbezogen und äußerten bereits Wünsche zum Schutz der Artenvielfalt und vielem mehr.</p>



<p>Das Projekt „Garten der Vielfalt“ ermöglicht den Kindern Erfahrungen der Partizipation zu erleben, aber auch Vielfalt kennenzulernen und somit Schritt für Schritt Handlungsweisen und Strategien zu entwickeln, hin zu einer vielfältigen Gesellschaft, welche Vielfalt als Bereicherung ansieht. Zudem lernen sie, Verantwortung zu übernehmen, da sie sich weiterhin um den Schulhof kümmern werden. Themen können daher nachhaltig immer wieder aufgegriffen werden und unser „Garten der Vielfalt“ kann mit der Zeit und mit nachkommenden Schulkindern noch vielfältiger und nachhaltiger wachsen.</p>



<p><strong>Projektinhalt und Handlungskonzept:</strong></p>



<p>Zuerst werden die politischen Umweltthemen, die die Kinder bereits im Vorfeld des Projektes interessieren, gesammelt und in einem partizipativen Brainstorming zusammen mit den einzelnen Klassen abgeglichen bzw. ergänzt. Im Anschluss daran werden sie nach Themen, die zur Ausgestaltung des Gartens der Vielfalt passen, von den Kindern diskutiert und priorisiert. Dies dient zur Ausgangslage der konkreten Projektumsetzung: die einzelnen Themen werden interaktiv und anhand natur- und waldpädagogischer Methoden bearbeitet, die anschließend in Handlungsoptionen enden. Dies lässt sich am Beispiel von Blüh-, Obst- und Gemüsepflanzen &amp; Düngemittel im Garten der Vielfalt beschreiben: viele Düngemittel sind giftig oder belasten unser Wasser, die benachbarte Tier- und Artenwelt nachhaltig, allen voran die Honig- und Wildbienen. Diese Bestäuber sind aber unerlässlich für unsere Nahrungssicherheit weltweit. Nachdem die Folgen des Klimawandels auch bei uns schon weit verbreitet sind, leiden unsere Pflanzen unter langen Trockenperioden oder zu viel Regen. Hier gibt es als sehr gute Handlungsoption regionale Schafwollpellets. Diese stammen aus der Region, belastet die Bestäuber und andere Arten nicht und vermeiden die Übersäuerung der Böden, saugen überschüssiges Regenwasser wie ein Schwamm auf und geben Feuchtigkeit ab, wenn die Erde zu trocken wird. Im gleichen Zug wird dem regionalen und kulturellen Gut der Schafwolle wieder mehr Gewicht beigemessen und ein wirtschaftliches Produkt wiederverwendet, was in den letzten Jahrzehnten zum „Abfallprodukt“ wurde. All diese Zusammenhänge an diesem Beispiel zeigen, wie die Grundschulkinder vorausschauendes Denken und problemlösendes, respektvolles, wertschätzendes Verhalten lernen, indem Wissen aus unterschiedlichen Bereichen zugängig gemacht wird.</p>



<p>Leitfragen zur partizipativen Ausarbeitung des Gartens der Vielfalt sind unter anderem:</p>



<p>Welche Arten möchten wir verstärkt unterstützten? Und welche brauchen dringend unsere Hilfe?<br>Wie kann ich diese Arten unterstützen? Was sind gute, nachhaltige Handlungsoptionen?<br>Welche Klasse übernimmt die Verantwortung für die Ausgestaltung der einzelnen, vielfältigen Bereiche im Garten der Vielfalt?</p>



<p>Anhand dieser Vorgehensweise wird im Projektverlauf nach und nach der Garten der Vielfalt entstehen, der die Sichtweisen, Gefühle, Meinungen und Handlungsoptionen der vielfältigen Grundschulkinder widerspiegelt. Zudem findet ein Projekttag bei der Umweltbildung Riegelbrunnerhof statt, wo die Kinder sich bei einer Führung durch das Gelände unterschiedliche Tipps und Anregungen holen können. Die Selbstwirksamkeit und Wertschätzung eines jeden Kindes im Projektverlauf wird durch den Bau und der Gestaltung einer eigenen Vogelnisthilfe für den heimischen Garten noch zusätzlich gestärkt.</p>



<p><strong>Vorgehensweise:</strong></p>



<p><strong>Februar 2022:</strong></p>



<p>Organisation des Projektes und Strukturierung der Lerninhalte<br>Partizipative Planung des Projektes zusammen mit den Lehrkräften und Team</p>



<p><strong>März + April 2022:</strong></p>



<p>Beginn der konkreten Durchführung des Projektes an der Grundschule</p>



<p><strong>Mai 2022:</strong></p>



<p>Weiterführen des Projektes an der Grundschule<br>Projekttag bei der Umweltbildung Riegelbrunnerhof<br>Projektabschluss und Evaluation</p>



<p><strong>Juni 2022:</strong></p>



<p>Präsentation des Gartens der Vielfalt am Schulfest im Sommer 2022<br>Erstellung Abschlussbericht und Dokumentation<br>Erstellung des Verwendungsnachweises (sachlich als auch rechnerisch)</p>



<p><strong>Methoden:</strong></p>



<p>Einzelarbeit &amp; Gruppenarbeit<br>Gewaltfreie Kommunikation<br>Abfragetechniken &amp; Mehrheitsentscheidung<br>Brainstorming<br>Gartenarbeit<br>Holzarbeiten &amp; Handwerken<br>Natur- und Waldpädagogik<br>Feedback-Methoden</p>



<p><strong>Gender Mainstreaming:</strong></p>



<p>Die Anliegen und Erfahrungen von Mädchen/Frauen ebenso wie die von Jungen/Männern, werden in die Planung, Durchführung, das Monitoring und die Auswertung des hier vorliegenden Projektes selbstverständlich einbezogen. Es wird darauf geachtet Frauen/Mädchen als auch Männer/Jungen möglichst analog zur Zusammensetzung der Schülerschaft der teilnehmenden Schule zu erreichen.</p>



<p><strong>Inklusiver Ansatz:</strong></p>



<p>Das Projekt fördert Inklusion als Voraussetzung für Diversity Mainstreaming indem es jedem Schüler und jeder Schülerin die Möglichkeit gibt sich auf seine Weise zu beteiligen und dies unabhängig von seinen individuellen Fähigkeiten, kultureller, ethnischer sowie sozialer Herkunft, Religion, Geschlecht oder Alter.</p>



<p><strong>Diversity Mainstreaming:</strong></p>



<p>Im Diversity Mainstreaming verfolgen wir den Ansatz, dass wir auf gleiche Teilhabechancen und Rechte eines jeden Individuums abzielen und erkennen alle heterogenen Lebenslagen und Erfahrungen gleichermaßen an.</p>



<p><strong>Umsetzung unter Pandemieauflagen:</strong></p>



<p>Die Veranstaltungsreihe kann zu Teilen im Outdoor-Bereich durchgeführt werden an der frischen Luft. Somit können striktere Pandemieauflagen (Abstand / Mundschutz etc.) aufgefangen und integriert werden.</p>



<p><strong>Digitale Umsetzung möglich:</strong></p>



<p>Die digitale Umsetzung wäre in diesem Fall nur begrenzt und eher nur theoretisch möglich (Zoom, Break-Out Rooms, Walls zur Abfrage von Wünschen aufzuschreiben).</p>

<p>Projekte 2022 > Garten der Vielfalt Schule soll für Kinder von Anfang an ein demokratischer Ort sein und sie für die Demokratie stärken, sowie sie bei der &hellip; </p>
